{"id":1214,"date":"2019-03-22T06:42:56","date_gmt":"2019-03-22T06:42:56","guid":{"rendered":"http:\/\/apvstcierges.ch\/?page_id=1214"},"modified":"2023-04-21T12:05:37","modified_gmt":"2023-04-21T12:05:37","slug":"nature","status":"publish","type":"page","link":"http:\/\/apvstcierges.ch\/index.php\/nature\/","title":{"rendered":"Nature"},"content":{"rendered":"<p>Thierrens : <a href=\"https:\/\/brigands.ch\/\" target=\"_blank\" rel=\"noopener noreferrer\">Bois des Brigands<\/a><br \/>\n<a href=\"http:\/\/www.chemin-des-bles.ch\/\" target=\"_blank\" rel=\"noopener noreferrer\">Le Chemin des Bl\u00e9s<\/a><\/p>\n<p>Cheseaux-Nor\u00e9az : <a href=\"https:\/\/www.pronatura-champ-pittet.ch\/fr\" target=\"_blank\" rel=\"noopener\">Centre Pro Natura Champ Pittet<\/a><br \/>\nEtagni\u00e8res : <a href=\"https:\/\/www.etagnieres.ch\/N2937\/etang-du-bois-neuf.html\" target=\"_blank\" rel=\"noopener\">l&rsquo;\u00e9tang du Bois Neuf<\/a><\/p>\n<p>Une ambulance pour le b\u00e9tail : <a href=\"https:\/\/www.terrenature.ch\/une-ambulance-pour-le-betail-sillonne-depuis-peu-la-suisse-romande\/\" target=\"_blank\" rel=\"noopener\">lien<\/a><br \/>\nLa multiplication des ruches urbaines pourraient nuire aux abeilles : <a href=\"https:\/\/www.terrenature.ch\/les-trop-nombreuses-ruches-urbaines-pourraient-nuire-aux-abeilles\/\" target=\"_blank\" rel=\"noopener\">lien<\/a><br \/>\nComment bien nourrir les oiseaux en hiver : <a href=\"https:\/\/www.salamandre.org\/une-activite\/comment-bien-nourrir-les-oiseaux-en-hiver\/?lieu%5B%5D=mer&amp;gclid=Cj0KCQiA3Y-ABhCnARIsAKYDH7s_bdpJYNyThTJ9Rd6ictrlaVc6SPk1K0LHpBLK_5PRgH4OzuV697QaAmakEALw_wcB\" target=\"_blank\" rel=\"noopener noreferrer\">lien<\/a><br \/>\nObservez les oiseaux dans son jardin : <a href=\"https:\/\/www.terrenature.ch\/observez-les-oiseaux-du-jardin\/\" target=\"_blank\" rel=\"noopener noreferrer\">lien<\/a><br \/>\nLa biodiversit\u00e9 profite aux pollinisateurs : <a href=\"https:\/\/www.abeilles.ch\/themes\/biodiversite.html\" target=\"_blank\" rel=\"noopener noreferrer\">lien<\/a><br \/>\nFavoriser la faune pr\u00e8s de chez soi : <a href=\"https:\/\/www.terrenature.ch\/favoriser-la-faune-pres-de-chez-soi-les-fausses-bonnes-idees-a-eviter\/\" target=\"_blank\" rel=\"noopener noreferrer\">les fausses bonnes id\u00e9es \u00e0 \u00e9viter<\/a><\/p>\n","protected":false},"excerpt":{"rendered":"<p>Thierrens : Bois des Brigands Le Chemin des Bl\u00e9s Cheseaux-Nor\u00e9az : Centre Pro Natura Champ Pittet Etagni\u00e8res : l&rsquo;\u00e9tang du Bois Neuf Une ambulance pour le b\u00e9tail : lien La multiplication des ruches urbaines pourraient nuire aux abeilles : lien Comment bien nourrir les oiseaux en hiver : lien Observez les oiseaux dans son jardin <a class=\"more-link\" href=\"http:\/\/apvstcierges.ch\/index.php\/nature\/\">Lire plus &#8230;<\/a><\/p>\n","protected":false},"author":1,"featured_media":0,"parent":0,"menu_order":0,"comment_status":"closed","ping_status":"closed","template":"","meta":{"footnotes":""},"class_list":["post-1214","page","type-page","status-publish","hentry"],"yoast_head":"<!-- This site is optimized with the Yoast SEO plugin v24.8.1 - https:\/\/yoast.com\/wordpress\/plugins\/seo\/ -->\n<title>Nature - Association des paysannes vaudoises, groupe St-Cierges et environs<\/title>\n<meta name=\"robots\" content=\"index, follow, max-snippet:-1, max-image-preview:large, max-video-preview:-1\" \/>\n<link rel=\"canonical\" href=\"http:\/\/apvstcierges.ch\/index.php\/nature\/\" \/>\n<meta property=\"og:locale\" content=\"fr_FR\" \/>\n<meta property=\"og:type\" content=\"article\" \/>\n<meta property=\"og:title\" content=\"Nature - Association des paysannes vaudoises, groupe St-Cierges et environs\" \/>\n<meta property=\"og:description\" content=\"Thierrens : Bois des Brigands Le Chemin des Bl\u00e9s Cheseaux-Nor\u00e9az : Centre Pro Natura Champ Pittet Etagni\u00e8res : l&rsquo;\u00e9tang du Bois Neuf Une ambulance pour le b\u00e9tail : lien La multiplication des ruches urbaines pourraient nuire aux abeilles : lien Comment bien nourrir les oiseaux en hiver : lien Observez les oiseaux dans son jardin Lire plus ...\" \/>\n<meta property=\"og:url\" content=\"http:\/\/apvstcierges.ch\/index.php\/nature\/\" \/>\n<meta property=\"og:site_name\" content=\"Association des paysannes vaudoises, groupe St-Cierges et environs\" \/>\n<meta property=\"article:modified_time\" content=\"2023-04-21T12:05:37+00:00\" \/>\n<meta name=\"twitter:card\" content=\"summary_large_image\" \/>\n<meta name=\"twitter:label1\" content=\"Dur\u00e9e de lecture estim\u00e9e\" \/>\n\t<meta name=\"twitter:data1\" content=\"1 minute\" \/>\n<script type=\"application\/ld+json\" class=\"yoast-schema-graph\">{\"@context\":\"https:\/\/schema.org\",\"@graph\":[{\"@type\":\"WebPage\",\"@id\":\"http:\/\/apvstcierges.ch\/index.php\/nature\/\",\"url\":\"http:\/\/apvstcierges.ch\/index.php\/nature\/\",\"name\":\"Nature - Association des paysannes vaudoises, groupe St-Cierges et environs\",\"isPartOf\":{\"@id\":\"http:\/\/apvstcierges.ch\/#website\"},\"datePublished\":\"2019-03-22T06:42:56+00:00\",\"dateModified\":\"2023-04-21T12:05:37+00:00\",\"breadcrumb\":{\"@id\":\"http:\/\/apvstcierges.ch\/index.php\/nature\/#breadcrumb\"},\"inLanguage\":\"fr-FR\",\"potentialAction\":[{\"@type\":\"ReadAction\",\"target\":[\"http:\/\/apvstcierges.ch\/index.php\/nature\/\"]}]},{\"@type\":\"BreadcrumbList\",\"@id\":\"http:\/\/apvstcierges.ch\/index.php\/nature\/#breadcrumb\",\"itemListElement\":[{\"@type\":\"ListItem\",\"position\":1,\"name\":\"Home\",\"item\":\"http:\/\/apvstcierges.ch\/\"},{\"@type\":\"ListItem\",\"position\":2,\"name\":\"Nature\"}]},{\"@type\":\"WebSite\",\"@id\":\"http:\/\/apvstcierges.ch\/#website\",\"url\":\"http:\/\/apvstcierges.ch\/\",\"name\":\"Association des paysannes vaudoises, groupe St-Cierges et environs\",\"description\":\"\",\"potentialAction\":[{\"@type\":\"SearchAction\",\"target\":{\"@type\":\"EntryPoint\",\"urlTemplate\":\"http:\/\/apvstcierges.ch\/?s={search_term_string}\"},\"query-input\":{\"@type\":\"PropertyValueSpecification\",\"valueRequired\":true,\"valueName\":\"search_term_string\"}}],\"inLanguage\":\"fr-FR\"}]}<\/script>\n<!-- \/ Yoast SEO plugin. -->","yoast_head_json":{"title":"Nature - Association des paysannes vaudoises, groupe St-Cierges et environs","robots":{"index":"index","follow":"follow","max-snippet":"max-snippet:-1","max-image-preview":"max-image-preview:large","max-video-preview":"max-video-preview:-1"},"canonical":"http:\/\/apvstcierges.ch\/index.php\/nature\/","og_locale":"fr_FR","og_type":"article","og_title":"Nature - Association des paysannes vaudoises, groupe St-Cierges et environs","og_description":"Thierrens : Bois des Brigands Le Chemin des Bl\u00e9s Cheseaux-Nor\u00e9az : Centre Pro Natura Champ Pittet Etagni\u00e8res : l&rsquo;\u00e9tang du Bois Neuf Une ambulance pour le b\u00e9tail : lien La multiplication des ruches urbaines pourraient nuire aux abeilles : lien Comment bien nourrir les oiseaux en hiver : lien Observez les oiseaux dans son jardin Lire plus ...","og_url":"http:\/\/apvstcierges.ch\/index.php\/nature\/","og_site_name":"Association des paysannes vaudoises, groupe St-Cierges et environs","article_modified_time":"2023-04-21T12:05:37+00:00","twitter_card":"summary_large_image","twitter_misc":{"Dur\u00e9e de lecture estim\u00e9e":"1 minute"},"schema":{"@context":"https:\/\/schema.org","@graph":[{"@type":"WebPage","@id":"http:\/\/apvstcierges.ch\/index.php\/nature\/","url":"http:\/\/apvstcierges.ch\/index.php\/nature\/","name":"Nature - Association des paysannes vaudoises, groupe St-Cierges et environs","isPartOf":{"@id":"http:\/\/apvstcierges.ch\/#website"},"datePublished":"2019-03-22T06:42:56+00:00","dateModified":"2023-04-21T12:05:37+00:00","breadcrumb":{"@id":"http:\/\/apvstcierges.ch\/index.php\/nature\/#breadcrumb"},"inLanguage":"fr-FR","potentialAction":[{"@type":"ReadAction","target":["http:\/\/apvstcierges.ch\/index.php\/nature\/"]}]},{"@type":"BreadcrumbList","@id":"http:\/\/apvstcierges.ch\/index.php\/nature\/#breadcrumb","itemListElement":[{"@type":"ListItem","position":1,"name":"Home","item":"http:\/\/apvstcierges.ch\/"},{"@type":"ListItem","position":2,"name":"Nature"}]},{"@type":"WebSite","@id":"http:\/\/apvstcierges.ch\/#website","url":"http:\/\/apvstcierges.ch\/","name":"Association des paysannes vaudoises, groupe St-Cierges et environs","description":"","potentialAction":[{"@type":"SearchAction","target":{"@type":"EntryPoint","urlTemplate":"http:\/\/apvstcierges.ch\/?s={search_term_string}"},"query-input":{"@type":"PropertyValueSpecification","valueRequired":true,"valueName":"search_term_string"}}],"inLanguage":"fr-FR"}]}},"_links":{"self":[{"href":"http:\/\/apvstcierges.ch\/index.php\/wp-json\/wp\/v2\/pages\/1214","targetHints":{"allow":["GET"]}}],"collection":[{"href":"http:\/\/apvstcierges.ch\/index.php\/wp-json\/wp\/v2\/pages"}],"about":[{"href":"http:\/\/apvstcierges.ch\/index.php\/wp-json\/wp\/v2\/types\/page"}],"author":[{"embeddable":true,"href":"http:\/\/apvstcierges.ch\/index.php\/wp-json\/wp\/v2\/users\/1"}],"replies":[{"embeddable":true,"href":"http:\/\/apvstcierges.ch\/index.php\/wp-json\/wp\/v2\/comments?post=1214"}],"version-history":[{"count":9,"href":"http:\/\/apvstcierges.ch\/index.php\/wp-json\/wp\/v2\/pages\/1214\/revisions"}],"predecessor-version":[{"id":3109,"href":"http:\/\/apvstcierges.ch\/index.php\/wp-json\/wp\/v2\/pages\/1214\/revisions\/3109"}],"wp:attachment":[{"href":"http:\/\/apvstcierges.ch\/index.php\/wp-json\/wp\/v2\/media?parent=1214"}],"curies":[{"name":"wp","href":"https:\/\/api.w.org\/{rel}","templated":true}]}}