{"id":158,"date":"2018-05-08T16:03:41","date_gmt":"2018-05-08T16:03:41","guid":{"rendered":"http:\/\/apvstcierges.ch\/?page_id=158"},"modified":"2024-06-07T09:49:06","modified_gmt":"2024-06-07T09:49:06","slug":"printemps","status":"publish","type":"page","link":"http:\/\/apvstcierges.ch\/index.php\/printemps\/","title":{"rendered":"Printemps"},"content":{"rendered":"<h4><span style=\"color: #99cc00;\">Entr\u00e9es &#8211; salades- accompagnements<\/span><\/h4>\n<p><a href=\"http:\/\/apvstcierges.ch\/wp-content\/uploads\/2018\/04\/Gnocchis-a-lail-des-ours-et-sauce-au-citron-1.pdf\" target=\"_blank\" rel=\"noopener noreferrer\">Gnocchi \u00e0 l&rsquo;ail des ours<\/a><br \/>\n<a href=\"http:\/\/apvstcierges.ch\/wp-content\/uploads\/2018\/05\/Gaspacho-\u00e0-la-rhubarbe-avec-concombre-et-gingembre.pdf\" target=\"_blank\" rel=\"noopener noreferrer\">Gaspacho avec concombre et gingembre<\/a><br \/>\n<a href=\"http:\/\/apvstcierges.ch\/wp-content\/uploads\/2018\/05\/tarte-rhubarbe-et-ch\u00e8vre-frais.pdf\" target=\"_blank\" rel=\"noopener noreferrer\">Tarte sal\u00e9e miel et ch\u00e8vre frais<\/a><br \/>\n<a href=\"http:\/\/apvstcierges.ch\/wp-content\/uploads\/2018\/05\/Salade-color\u00e9e-d\u2019asperges.pdf\" target=\"_blank\" rel=\"noopener noreferrer\">Salade color\u00e9e d\u2019asperges<\/a><br \/>\n<a href=\"http:\/\/apvstcierges.ch\/wp-content\/uploads\/2018\/05\/Po\u00eal\u00e9e-asperges-morilles.pdf\" target=\"_blank\" rel=\"noopener noreferrer\">Po\u00eal\u00e9e asperges-morilles<\/a><br \/>\n<a href=\"http:\/\/apvstcierges.ch\/wp-content\/uploads\/2018\/05\/Canelonni-aux-asperges.pdf\" target=\"_blank\" rel=\"noopener noreferrer\">Canneloni aux asperges<\/a><br \/>\n<a href=\"http:\/\/apvstcierges.ch\/wp-content\/uploads\/2018\/05\/Flan-et-salade-dasperges-vertes.pdf\" target=\"_blank\" rel=\"noopener noreferrer\">Flan et salade d&rsquo;asperges vertes<\/a><br \/>\n<a href=\"http:\/\/apvstcierges.ch\/wp-content\/uploads\/2018\/05\/Gratin-dasperges-blanches.pdf\" target=\"_blank\" rel=\"noopener noreferrer\">Gratin d&rsquo;asperges blanches<\/a><br \/>\n<a href=\"http:\/\/apvstcierges.ch\/wp-content\/uploads\/2019\/04\/salade-de-cresson-et-son-lapin-de-carotte.pdf\">Salade de cresson et son lapin en carotte<\/a><br \/>\n<a href=\"http:\/\/apvstcierges.ch\/wp-content\/uploads\/2019\/04\/Couronne-de-P\u00e2ques-tress\u00e9e.pdf\">Couronne de P\u00e2ques tress\u00e9e<\/a><br \/>\n<a href=\"http:\/\/apvstcierges.ch\/wp-content\/uploads\/2020\/03\/Carpaccio-de-colrave-avec-graines.pdf\" target=\"_blank\" rel=\"noopener noreferrer\">Carpaccio de colrave avec graines<\/a><br \/>\n<a href=\"http:\/\/apvstcierges.ch\/wp-content\/uploads\/2020\/03\/soupe-de-colrave-\u00e0-la-mousse-de-lait.pdf\" target=\"_blank\" rel=\"noopener noreferrer\">Soupe de colrave \u00e0 la mousse de lait<\/a><br \/>\n<a href=\"http:\/\/apvstcierges.ch\/wp-content\/uploads\/2020\/03\/Salade-de-chou-pomme.pdf\" target=\"_blank\" rel=\"noopener noreferrer\">Salade de chou pomme<\/a><br \/>\n<a href=\"http:\/\/apvstcierges.ch\/wp-content\/uploads\/2020\/03\/Gratin-parmentier-au-chou-pomme.pdf\" target=\"_blank\" rel=\"noopener noreferrer\">Gratin parmentier au chou-pomme<\/a><br \/>\n<a href=\"https:\/\/www.krisscroque.ch\/pain\/\" target=\"_blank\" rel=\"noopener noreferrer\">Pain de la semaine<\/a><br \/>\n<a href=\"http:\/\/apvstcierges.ch\/wp-content\/uploads\/2020\/05\/Pain-aux-herbes-aromatiques.pdf\" target=\"_blank\" rel=\"noopener noreferrer\">Pain aux herbes aromatiques<\/a><br \/>\n<a href=\"http:\/\/apvstcierges.ch\/wp-content\/uploads\/2020\/05\/Naan-pain-galette-indien.pdf\" target=\"_blank\" rel=\"noopener noreferrer\">Naan (pain galette indien)<\/a><br \/>\n<a href=\"http:\/\/apvstcierges.ch\/wp-content\/uploads\/2020\/05\/Pain-aux-pommes-de-terre.pdf\" target=\"_blank\" rel=\"noopener noreferrer\">Pain aux pommes de terre<\/a><br \/>\n<a href=\"http:\/\/apvstcierges.ch\/wp-content\/uploads\/2020\/05\/Pain-du-soir.pdf\" target=\"_blank\" rel=\"noopener noreferrer\">Pain du soir<\/a><br \/>\n<a href=\"http:\/\/apvstcierges.ch\/wp-content\/uploads\/2022\/03\/Sere-maison.pdf\" target=\"_blank\" rel=\"noopener\">S\u00e9r\u00e9 maison<\/a><br \/>\n<a href=\"http:\/\/apvstcierges.ch\/wp-content\/uploads\/2022\/03\/Escalopes-de-celeri-et-sere-aux-pommes.pdf\" target=\"_blank\" rel=\"noopener\">Escalopes de c\u00e9leri et s\u00e9r\u00e9 aux pommes<\/a><br \/>\n<a href=\"http:\/\/apvstcierges.ch\/wp-content\/uploads\/2022\/03\/Galettes-au-sere-sur-lit-de-betteraves.pdf\" target=\"_blank\" rel=\"noopener\">Galettes au s\u00e9r\u00e9 sur lit de betteraves<\/a><br \/>\n<a href=\"http:\/\/apvstcierges.ch\/wp-content\/uploads\/2022\/04\/Salade-de-pissenlits-avec-roastbeef.pdf\" target=\"_blank\" rel=\"noopener\">Salade de pissenlits avec roastbeef<\/a><br \/>\n<a href=\"http:\/\/apvstcierges.ch\/wp-content\/uploads\/2022\/04\/Capres-de-pissenlit.pdf\" target=\"_blank\" rel=\"noopener\">C\u00e2pres de pissenlit<\/a><br \/>\n<a href=\"http:\/\/apvstcierges.ch\/wp-content\/uploads\/2022\/05\/Pain-aux-fleurs-de-sureau.pdf\" target=\"_blank\" rel=\"noopener\">Pain aux fleurs de sureau<\/a><br \/>\n<a href=\"http:\/\/apvstcierges.ch\/wp-content\/uploads\/2022\/05\/Ravioli-au-sureau-avec-saute-de-champignons-_-Migusto.pdf\" target=\"_blank\" rel=\"noopener\">Ravioli au sureau avec saut\u00e9 de champignons<\/a><br \/>\n<a href=\"http:\/\/apvstcierges.ch\/wp-content\/uploads\/2022\/05\/Beignets-de-fleurs-de-sureau.pdf\" target=\"_blank\" rel=\"noopener\">Beignets de fleurs de sureau<\/a><br \/>\n<a href=\"http:\/\/apvstcierges.ch\/wp-content\/uploads\/2023\/03\/chips-aux-cereales.pdf\" target=\"_blank\" rel=\"noopener\">Chips aux c\u00e9r\u00e9ales<\/a><br \/>\n<a href=\"http:\/\/apvstcierges.ch\/wp-content\/uploads\/2023\/04\/Soupe-aux-orties-avec-oeuf-poche.pdf\" target=\"_blank\" rel=\"noopener\">Soupe aux orties avec oeuf poch\u00e9<\/a><br \/>\n<a href=\"http:\/\/apvstcierges.ch\/wp-content\/uploads\/2023\/04\/Pesto-dorties.pdf\" target=\"_blank\" rel=\"noopener\">Pesto d&rsquo;orties<\/a><br \/>\n<a href=\"http:\/\/apvstcierges.ch\/wp-content\/uploads\/2023\/04\/Veloute-aux-orties.pdf\" target=\"_blank\" rel=\"noopener\">Velout\u00e9 aux orties<\/a><a href=\"http:\/\/apvstcierges.ch\/wp-content\/uploads\/2022\/05\/Beignets-de-fleurs-de-sureau.pdf\" target=\"_blank\" rel=\"noopener\"><br \/>\n<\/a><\/p>\n<h4><span style=\"color: #99cc00;\">Plat principal<\/span><\/h4>\n<p><a href=\"http:\/\/apvstcierges.ch\/wp-content\/uploads\/2018\/04\/filet-de-porc_colrave_ail-des-ours.pdf\" target=\"_blank\" rel=\"noopener noreferrer\">Filet de porc aux colraves<\/a><br \/>\n<a href=\"http:\/\/apvstcierges.ch\/wp-content\/uploads\/2018\/04\/eminc\u00e9-ail-des-ours-sur-nid-de-p\u00e2tes.pdf\" target=\"_blank\" rel=\"noopener noreferrer\">Eminc\u00e9 de poulet sur nid de p\u00e2tes<\/a><br \/>\n<a href=\"http:\/\/apvstcierges.ch\/wp-content\/uploads\/2020\/04\/Brochettes-de-poulet-et-chutney-de-rhubarbe.pdf\" target=\"_blank\" rel=\"noopener noreferrer\">Brochettes de poulet et chutney de rhubarbe<\/a><br \/>\n<a href=\"http:\/\/apvstcierges.ch\/wp-content\/uploads\/2020\/04\/Quiche-aux-asperges-et-\u00e0-la-rhubarbe.pdf\" target=\"_blank\" rel=\"noopener noreferrer\">Quiche aux asperges et \u00e0 la rhubarbe<\/a><br \/>\n<a href=\"http:\/\/apvstcierges.ch\/wp-content\/uploads\/2020\/04\/Truite-saumon\u00e9e-\u00e0-la-rhubarbe-.pdf\" target=\"_blank\" rel=\"noopener noreferrer\">Truite saumon\u00e9e \u00e0 la rhubarbe<\/a><br \/>\n<a href=\"http:\/\/apvstcierges.ch\/wp-content\/uploads\/2020\/04\/Tarte-sal\u00e9e-fromage-et-rhubarbe.pdf\" target=\"_blank\" rel=\"noopener noreferrer\">Tarte sal\u00e9e fromage et rhubarbe<\/a><br \/>\n<a href=\"http:\/\/apvstcierges.ch\/wp-content\/uploads\/2020\/06\/oeufs-au-curry.pdf\" target=\"_blank\" rel=\"noopener noreferrer\">Oeufs au curry<\/a><br \/>\n<a href=\"http:\/\/apvstcierges.ch\/wp-content\/uploads\/2020\/06\/oeuf-cocotte-en-nid-de-pain.pdf\" target=\"_blank\" rel=\"noopener noreferrer\">Oeufs cocotte en nid de pain<\/a><br \/>\n<a href=\"http:\/\/apvstcierges.ch\/wp-content\/uploads\/2020\/06\/oeufs-cocotte-aux-asperges.pdf\" target=\"_blank\" rel=\"noopener noreferrer\">Oeufs cocotte aux asperges<\/a><br \/>\n<a href=\"http:\/\/apvstcierges.ch\/wp-content\/uploads\/2020\/06\/oeufs-marin\u00e9s-au-safran.pdf\" target=\"_blank\" rel=\"noopener noreferrer\">Oeufs marin\u00e9s au safran<\/a><br \/>\n<a href=\"http:\/\/apvstcierges.ch\/wp-content\/uploads\/2020\/06\/Shakshuka.pdf\" target=\"_blank\" rel=\"noopener noreferrer\">Shakshuka<\/a><br \/>\n<a href=\"http:\/\/apvstcierges.ch\/wp-content\/uploads\/2022\/03\/Gnocchis-au-sere-et-a-lail-des-ours.pdf\" target=\"_blank\" rel=\"noopener\">Gnocchis au s\u00e9r\u00e9 et \u00e0 l\u2019ail des ours<\/a><br \/>\n<a href=\"http:\/\/apvstcierges.ch\/wp-content\/uploads\/2022\/04\/Conchiglie-a-la-dent-de-lion.pdf\" target=\"_blank\" rel=\"noopener\">Conchiglie \u00e0 la dent de lion<\/a><br \/>\n<a href=\"http:\/\/apvstcierges.ch\/wp-content\/uploads\/2022\/04\/Steak-de-veau-au-pissenlit.pdf\" target=\"_blank\" rel=\"noopener\">Steak de veau au pissenlit<\/a><br \/>\n<a href=\"http:\/\/apvstcierges.ch\/wp-content\/uploads\/2022\/05\/Poulet-au-sureau.pdf\" target=\"_blank\" rel=\"noopener\">Poulet au sureau<\/a><br \/>\n<a href=\"http:\/\/apvstcierges.ch\/wp-content\/uploads\/2022\/05\/Filet-de-boeuf-aux-baies-de-sureau.pdf\" target=\"_blank\" rel=\"noopener\">Filet de boeuf aux baies de sureau<\/a><br \/>\n<a href=\"http:\/\/apvstcierges.ch\/wp-content\/uploads\/2023\/03\/Polenta-au-chou-kale-avec-des-oeufs.pdf\" target=\"_blank\" rel=\"noopener\">Polenta au chou kale avec des \u0153ufs<\/a><a href=\"http:\/\/apvstcierges.ch\/wp-content\/uploads\/2022\/05\/Beignets-de-fleurs-de-sureau.pdf\" target=\"_blank\" rel=\"noopener\"><br \/>\n<\/a><a href=\"http:\/\/apvstcierges.ch\/wp-content\/uploads\/2023\/03\/Polenta-au-lard-et-aux-marrons.pdf\" target=\"_blank\" rel=\"noopener\">Polenta au lard et aux marrons<\/a><a href=\"http:\/\/apvstcierges.ch\/wp-content\/uploads\/2022\/05\/Beignets-de-fleurs-de-sureau.pdf\" target=\"_blank\" rel=\"noopener\"><br \/>\n<\/a><a href=\"http:\/\/apvstcierges.ch\/wp-content\/uploads\/2023\/03\/Polenta-au-poireau-et-fromage.pdf\" target=\"_blank\" rel=\"noopener\">Polenta au poireau et fromage<\/a><a href=\"http:\/\/apvstcierges.ch\/wp-content\/uploads\/2022\/05\/Beignets-de-fleurs-de-sureau.pdf\" target=\"_blank\" rel=\"noopener\"><br \/>\n<\/a><a href=\"http:\/\/apvstcierges.ch\/wp-content\/uploads\/2023\/03\/Polenta-avec-champignons-au-balsamique.pdf\" target=\"_blank\" rel=\"noopener\">Polenta avec champignons au balsamique<\/a><a href=\"http:\/\/apvstcierges.ch\/wp-content\/uploads\/2022\/05\/Beignets-de-fleurs-de-sureau.pdf\" target=\"_blank\" rel=\"noopener\"><br \/>\n<\/a><a href=\"http:\/\/apvstcierges.ch\/wp-content\/uploads\/2023\/03\/Polenta.pdf\" target=\"_blank\" rel=\"noopener\">Polenta<\/a><br \/>\n<a href=\"http:\/\/apvstcierges.ch\/wp-content\/uploads\/2023\/04\/Gnocchi-aux-orties-et-morilles.pdf\" target=\"_blank\" rel=\"noopener\">Gnocchi aux orties et morilles<\/a><br \/>\n<a href=\"http:\/\/apvstcierges.ch\/wp-content\/uploads\/2023\/04\/Filets-de-poisson-sur-knoepfli-a-lortie.pdf\" target=\"_blank\" rel=\"noopener\">Filets de poisson sur knoepfli \u00e0 l&rsquo;ortie<\/a><br \/>\n<a href=\"http:\/\/apvstcierges.ch\/wp-content\/uploads\/2024\/04\/swissmilk_pain-a-hamburger.pdf\" target=\"_blank\" rel=\"noopener\">pain \u00e0 hamburger<\/a><br \/>\n<a href=\"http:\/\/apvstcierges.ch\/wp-content\/uploads\/2024\/04\/swissmilk_burgers-aux-legumes-a-la-sauce-tomate-crue-veggie-burger.pdf\" target=\"_blank\" rel=\"noopener\">Burgers aux l\u00e9gumes \u00e0 la sauce tomate crue<\/a><br \/>\n<a href=\"http:\/\/apvstcierges.ch\/wp-content\/uploads\/2024\/04\/Burgers-de-legumes.pdf\" target=\"_blank\" rel=\"noopener\">Burgers de l\u00e9gumes<\/a><br \/>\n<a href=\"http:\/\/apvstcierges.ch\/wp-content\/uploads\/2024\/04\/Burger-au-poisson.pdf\" target=\"_blank\" rel=\"noopener\">Burger au poisson<\/a><br \/>\n<a href=\"http:\/\/apvstcierges.ch\/wp-content\/uploads\/2024\/04\/Maxi-burger-sans-gluten.pdf\" target=\"_blank\" rel=\"noopener\">Maxiburger sans gluten<\/a><br \/>\n<a href=\"http:\/\/apvstcierges.ch\/wp-content\/uploads\/2024\/04\/Hamburger-de-Paques.pdf\" target=\"_blank\" rel=\"noopener\">Hamburger de P\u00e2ques<\/a><\/p>\n<h4><span style=\"color: #99cc00;\">Desserts<\/span><\/h4>\n<p><a href=\"http:\/\/apvstcierges.ch\/wp-content\/uploads\/2018\/05\/croquant-meringu\u00e9-\u00e0-la-rhubarbe0001.pdf\" target=\"_blank\" rel=\"noopener noreferrer\">Croquant meringu\u00e9 \u00e0 la rhubarbe<\/a><br \/>\n<a href=\"http:\/\/apvstcierges.ch\/wp-content\/uploads\/2018\/05\/Mousse-\u00e0-la-rhubarbe-avec-compote-de-rhubarbe.pdf\" target=\"_blank\" rel=\"noopener noreferrer\">Mousse avec compote<\/a><br \/>\n<a href=\"http:\/\/apvstcierges.ch\/wp-content\/uploads\/2019\/04\/Petits-nids-de-P\u00e2ques-\u00e0-la-noix-de-coco.pdf\">Petits nids de P\u00e2ques \u00e0 la noix de coco<\/a><br \/>\n<a href=\"http:\/\/apvstcierges.ch\/wp-content\/uploads\/2019\/04\/G\u00e2teau-de-P\u00e2ques.pdf\">G\u00e2teau de P\u00e2ques<\/a><br \/>\n<a href=\"http:\/\/apvstcierges.ch\/wp-content\/uploads\/2019\/04\/G\u00e2teau-au-chocolat-et-\u00e0-la-rhubarbe.pdf\" target=\"_blank\" rel=\"noopener noreferrer\">G\u00e2teau au chocolat et \u00e0 la rhubarbe<\/a><br \/>\n<a href=\"http:\/\/apvstcierges.ch\/wp-content\/uploads\/2019\/04\/Craquelins-aux-lapins-de-P\u00e2ques.pdf\" target=\"_blank\" rel=\"noopener noreferrer\">Craquelins aux lapins de P\u00e2ques<\/a><br \/>\n<a href=\"http:\/\/apvstcierges.ch\/wp-content\/uploads\/2022\/04\/Miel-de-pissenlit.pdf\" target=\"_blank\" rel=\"noopener\">Miel de pissenlit<\/a><br \/>\n<a href=\"http:\/\/apvstcierges.ch\/wp-content\/uploads\/2019\/04\/Muffins-au-lapin-de-p\u00e2ques.pdf\" target=\"_blank\" rel=\"noopener noreferrer\">Muffins au lapin de p\u00e2ques<\/a><br \/>\n<a href=\"http:\/\/apvstcierges.ch\/wp-content\/uploads\/2021\/04\/Gateau-de-lapins-en-chocolat-_-Migusto.pdf\" target=\"_blank\" rel=\"noopener\">G\u00e2teau de lapins en chocolat<\/a><br \/>\n<a href=\"http:\/\/apvstcierges.ch\/wp-content\/uploads\/2021\/04\/Craquelins-aux-lapins-de-Paques.pdf\" target=\"_blank\" rel=\"noopener\">Craquelins aux lapins de P\u00e2ques<\/a><br \/>\n<a href=\"http:\/\/apvstcierges.ch\/wp-content\/uploads\/2022\/03\/Creme-au-sere-et-frisure-au-pain-depice.pdf\" target=\"_blank\" rel=\"noopener\">Cr\u00e8me au s\u00e9r\u00e9 et frisure au pain d&rsquo;\u00e9pice<\/a><br \/>\n<a href=\"http:\/\/apvstcierges.ch\/wp-content\/uploads\/2022\/03\/Gateau-au-sere-tout-leger.pdf\" target=\"_blank\" rel=\"noopener\">G\u00e2teau au s\u00e9r\u00e9 tout l\u00e9ger!<\/a><br \/>\n<a href=\"http:\/\/apvstcierges.ch\/wp-content\/uploads\/2022\/05\/Flan-de-sere-aux-fleurs-de-sureau-et-rhubarbe.pdf\" target=\"_blank\" rel=\"noopener\">Flan de s\u00e9r\u00e9 aux fleurs de sureau et rhubarbe<\/a><br \/>\n<a href=\"http:\/\/apvstcierges.ch\/wp-content\/uploads\/2022\/05\/Basmati-aux-fleurs-de-sureau.pdf\" target=\"_blank\" rel=\"noopener\">Basmati aux fleurs de sureau<\/a><\/p>\n","protected":false},"excerpt":{"rendered":"<p>Entr\u00e9es &#8211; salades- accompagnements Gnocchi \u00e0 l&rsquo;ail des ours Gaspacho avec concombre et gingembre Tarte sal\u00e9e miel et ch\u00e8vre frais Salade color\u00e9e d\u2019asperges Po\u00eal\u00e9e asperges-morilles Canneloni aux asperges Flan et salade d&rsquo;asperges vertes Gratin d&rsquo;asperges blanches Salade de cresson et son lapin en carotte Couronne de P\u00e2ques tress\u00e9e Carpaccio de colrave avec graines Soupe de <a class=\"more-link\" href=\"http:\/\/apvstcierges.ch\/index.php\/printemps\/\">Lire plus &#8230;<\/a><\/p>\n","protected":false},"author":1,"featured_media":0,"parent":0,"menu_order":0,"comment_status":"closed","ping_status":"closed","template":"","meta":{"footnotes":""},"class_list":["post-158","page","type-page","status-publish","hentry"],"yoast_head":"<!-- This site is optimized with the Yoast SEO plugin v24.8.1 - https:\/\/yoast.com\/wordpress\/plugins\/seo\/ -->\n<title>Printemps - Association des paysannes vaudoises, groupe St-Cierges et environs<\/title>\n<meta name=\"robots\" content=\"index, follow, max-snippet:-1, max-image-preview:large, max-video-preview:-1\" \/>\n<link rel=\"canonical\" href=\"http:\/\/apvstcierges.ch\/index.php\/printemps\/\" \/>\n<meta property=\"og:locale\" content=\"fr_FR\" \/>\n<meta property=\"og:type\" content=\"article\" \/>\n<meta property=\"og:title\" content=\"Printemps - Association des paysannes vaudoises, groupe St-Cierges et environs\" \/>\n<meta property=\"og:description\" content=\"Entr\u00e9es &#8211; salades- accompagnements Gnocchi \u00e0 l&rsquo;ail des ours Gaspacho avec concombre et gingembre Tarte sal\u00e9e miel et ch\u00e8vre frais Salade color\u00e9e d\u2019asperges Po\u00eal\u00e9e asperges-morilles Canneloni aux asperges Flan et salade d&rsquo;asperges vertes Gratin d&rsquo;asperges blanches Salade de cresson et son lapin en carotte Couronne de P\u00e2ques tress\u00e9e Carpaccio de colrave avec graines Soupe de Lire plus ...\" \/>\n<meta property=\"og:url\" content=\"http:\/\/apvstcierges.ch\/index.php\/printemps\/\" \/>\n<meta property=\"og:site_name\" content=\"Association des paysannes vaudoises, groupe St-Cierges et environs\" \/>\n<meta property=\"article:modified_time\" content=\"2024-06-07T09:49:06+00:00\" \/>\n<meta name=\"twitter:card\" content=\"summary_large_image\" \/>\n<meta name=\"twitter:label1\" content=\"Dur\u00e9e de lecture estim\u00e9e\" \/>\n\t<meta name=\"twitter:data1\" content=\"2 minutes\" \/>\n<script type=\"application\/ld+json\" class=\"yoast-schema-graph\">{\"@context\":\"https:\/\/schema.org\",\"@graph\":[{\"@type\":\"WebPage\",\"@id\":\"http:\/\/apvstcierges.ch\/index.php\/printemps\/\",\"url\":\"http:\/\/apvstcierges.ch\/index.php\/printemps\/\",\"name\":\"Printemps - Association des paysannes vaudoises, groupe St-Cierges et environs\",\"isPartOf\":{\"@id\":\"https:\/\/apvstcierges.ch\/#website\"},\"datePublished\":\"2018-05-08T16:03:41+00:00\",\"dateModified\":\"2024-06-07T09:49:06+00:00\",\"breadcrumb\":{\"@id\":\"http:\/\/apvstcierges.ch\/index.php\/printemps\/#breadcrumb\"},\"inLanguage\":\"fr-FR\",\"potentialAction\":[{\"@type\":\"ReadAction\",\"target\":[\"http:\/\/apvstcierges.ch\/index.php\/printemps\/\"]}]},{\"@type\":\"BreadcrumbList\",\"@id\":\"http:\/\/apvstcierges.ch\/index.php\/printemps\/#breadcrumb\",\"itemListElement\":[{\"@type\":\"ListItem\",\"position\":1,\"name\":\"Home\",\"item\":\"https:\/\/apvstcierges.ch\/\"},{\"@type\":\"ListItem\",\"position\":2,\"name\":\"Printemps\"}]},{\"@type\":\"WebSite\",\"@id\":\"https:\/\/apvstcierges.ch\/#website\",\"url\":\"https:\/\/apvstcierges.ch\/\",\"name\":\"Association des paysannes vaudoises, groupe St-Cierges et environs\",\"description\":\"\",\"potentialAction\":[{\"@type\":\"SearchAction\",\"target\":{\"@type\":\"EntryPoint\",\"urlTemplate\":\"https:\/\/apvstcierges.ch\/?s={search_term_string}\"},\"query-input\":{\"@type\":\"PropertyValueSpecification\",\"valueRequired\":true,\"valueName\":\"search_term_string\"}}],\"inLanguage\":\"fr-FR\"}]}<\/script>\n<!-- \/ Yoast SEO plugin. -->","yoast_head_json":{"title":"Printemps - Association des paysannes vaudoises, groupe St-Cierges et environs","robots":{"index":"index","follow":"follow","max-snippet":"max-snippet:-1","max-image-preview":"max-image-preview:large","max-video-preview":"max-video-preview:-1"},"canonical":"http:\/\/apvstcierges.ch\/index.php\/printemps\/","og_locale":"fr_FR","og_type":"article","og_title":"Printemps - Association des paysannes vaudoises, groupe St-Cierges et environs","og_description":"Entr\u00e9es &#8211; salades- accompagnements Gnocchi \u00e0 l&rsquo;ail des ours Gaspacho avec concombre et gingembre Tarte sal\u00e9e miel et ch\u00e8vre frais Salade color\u00e9e d\u2019asperges Po\u00eal\u00e9e asperges-morilles Canneloni aux asperges Flan et salade d&rsquo;asperges vertes Gratin d&rsquo;asperges blanches Salade de cresson et son lapin en carotte Couronne de P\u00e2ques tress\u00e9e Carpaccio de colrave avec graines Soupe de Lire plus ...","og_url":"http:\/\/apvstcierges.ch\/index.php\/printemps\/","og_site_name":"Association des paysannes vaudoises, groupe St-Cierges et environs","article_modified_time":"2024-06-07T09:49:06+00:00","twitter_card":"summary_large_image","twitter_misc":{"Dur\u00e9e de lecture estim\u00e9e":"2 minutes"},"schema":{"@context":"https:\/\/schema.org","@graph":[{"@type":"WebPage","@id":"http:\/\/apvstcierges.ch\/index.php\/printemps\/","url":"http:\/\/apvstcierges.ch\/index.php\/printemps\/","name":"Printemps - Association des paysannes vaudoises, groupe St-Cierges et environs","isPartOf":{"@id":"https:\/\/apvstcierges.ch\/#website"},"datePublished":"2018-05-08T16:03:41+00:00","dateModified":"2024-06-07T09:49:06+00:00","breadcrumb":{"@id":"http:\/\/apvstcierges.ch\/index.php\/printemps\/#breadcrumb"},"inLanguage":"fr-FR","potentialAction":[{"@type":"ReadAction","target":["http:\/\/apvstcierges.ch\/index.php\/printemps\/"]}]},{"@type":"BreadcrumbList","@id":"http:\/\/apvstcierges.ch\/index.php\/printemps\/#breadcrumb","itemListElement":[{"@type":"ListItem","position":1,"name":"Home","item":"https:\/\/apvstcierges.ch\/"},{"@type":"ListItem","position":2,"name":"Printemps"}]},{"@type":"WebSite","@id":"https:\/\/apvstcierges.ch\/#website","url":"https:\/\/apvstcierges.ch\/","name":"Association des paysannes vaudoises, groupe St-Cierges et environs","description":"","potentialAction":[{"@type":"SearchAction","target":{"@type":"EntryPoint","urlTemplate":"https:\/\/apvstcierges.ch\/?s={search_term_string}"},"query-input":{"@type":"PropertyValueSpecification","valueRequired":true,"valueName":"search_term_string"}}],"inLanguage":"fr-FR"}]}},"_links":{"self":[{"href":"http:\/\/apvstcierges.ch\/index.php\/wp-json\/wp\/v2\/pages\/158","targetHints":{"allow":["GET"]}}],"collection":[{"href":"http:\/\/apvstcierges.ch\/index.php\/wp-json\/wp\/v2\/pages"}],"about":[{"href":"http:\/\/apvstcierges.ch\/index.php\/wp-json\/wp\/v2\/types\/page"}],"author":[{"embeddable":true,"href":"http:\/\/apvstcierges.ch\/index.php\/wp-json\/wp\/v2\/users\/1"}],"replies":[{"embeddable":true,"href":"http:\/\/apvstcierges.ch\/index.php\/wp-json\/wp\/v2\/comments?post=158"}],"version-history":[{"count":18,"href":"http:\/\/apvstcierges.ch\/index.php\/wp-json\/wp\/v2\/pages\/158\/revisions"}],"predecessor-version":[{"id":3467,"href":"http:\/\/apvstcierges.ch\/index.php\/wp-json\/wp\/v2\/pages\/158\/revisions\/3467"}],"wp:attachment":[{"href":"http:\/\/apvstcierges.ch\/index.php\/wp-json\/wp\/v2\/media?parent=158"}],"curies":[{"name":"wp","href":"https:\/\/api.w.org\/{rel}","templated":true}]}}