{"id":162,"date":"2018-05-08T16:03:58","date_gmt":"2018-05-08T16:03:58","guid":{"rendered":"http:\/\/apvstcierges.ch\/?page_id=162"},"modified":"2024-12-18T15:00:27","modified_gmt":"2024-12-18T15:00:27","slug":"automne","status":"publish","type":"page","link":"http:\/\/apvstcierges.ch\/index.php\/automne\/","title":{"rendered":"Automne"},"content":{"rendered":"<h4><span style=\"color: #99cc00;\">Entr\u00e9es &#8211; salades &#8211; accompagnements<\/span><\/h4>\n<p><a href=\"http:\/\/apvstcierges.ch\/wp-content\/uploads\/2018\/09\/Doucette-aux-champignons-\u00e9pic\u00e9s.pdf\" target=\"_blank\" rel=\"noopener noreferrer\">Doucette aux champignons \u00e9pic\u00e9s<\/a><br \/>\n<a href=\"http:\/\/apvstcierges.ch\/wp-content\/uploads\/2018\/09\/terrine-de-champignons.pdf\" target=\"_blank\" rel=\"noopener noreferrer\">Terrine de champignons<\/a><br \/>\n<a href=\"http:\/\/apvstcierges.ch\/wp-content\/uploads\/2018\/09\/Lentilles-\u00e0-la-foresti\u00e8re.docx\" target=\"_blank\" rel=\"noopener noreferrer\">Lentilles \u00e0 la foresti\u00e8re<\/a><br \/>\n<a href=\"http:\/\/apvstcierges.ch\/wp-content\/uploads\/2018\/10\/galette-de-courge-et-de-ma\u00efs.pdf\" target=\"_blank\" rel=\"noopener noreferrer\">Galette de courge et de ma\u00efs<\/a><br \/>\n<a href=\"http:\/\/apvstcierges.ch\/wp-content\/uploads\/2018\/10\/crostini-\u00e0-la-courge.pdf\" target=\"_blank\" rel=\"noopener noreferrer\">Crostini \u00e0 la courge<\/a><br \/>\n<a href=\"http:\/\/apvstcierges.ch\/wp-content\/uploads\/2018\/10\/courge-au-four-et-vinaigrette-de-noisettes.pdf\" target=\"_blank\" rel=\"noopener noreferrer\">Courge au four et vinaigrette de noisettes<\/a><br \/>\n<a href=\"http:\/\/apvstcierges.ch\/wp-content\/uploads\/2018\/11\/Salade-dhiver.pdf\" target=\"_blank\" rel=\"noopener noreferrer\">Salade d&rsquo;hiver<\/a><br \/>\n<a href=\"http:\/\/apvstcierges.ch\/wp-content\/uploads\/2018\/11\/Foccacia-aux-carottes.pdf\" target=\"_blank\" rel=\"noopener noreferrer\">Foccacia aux carottes<\/a><br \/>\n<span style=\"color: #99cc00;\"><a href=\"http:\/\/apvstcierges.ch\/wp-content\/uploads\/2021\/08\/Salade-de-cervelas-au-pain.pdf\" target=\"_blank\" rel=\"noopener\">Salade de cervelas au pain<\/a><br \/>\n<a href=\"http:\/\/apvstcierges.ch\/wp-content\/uploads\/2021\/08\/Taboule-de-quinoa-aux-amandes-et-a-la-menthe.pdf\" target=\"_blank\" rel=\"noopener\">Taboul\u00e9 de quinoa aux amandes et \u00e0 la menthe<\/a><br \/>\n<a href=\"http:\/\/apvstcierges.ch\/wp-content\/uploads\/2021\/08\/Salade-de-lentilles-au-celeri.pdf\" target=\"_blank\" rel=\"noopener\">Salade de lentilles au c\u00e9leri<\/a><br \/>\n<a href=\"http:\/\/apvstcierges.ch\/wp-content\/uploads\/2021\/08\/Dip-a-la-feta-et-au-celeri.pdf\" target=\"_blank\" rel=\"noopener\">Dip \u00e0 la feta et au c\u00e9leri<\/a><br \/>\n<a href=\"http:\/\/apvstcierges.ch\/wp-content\/uploads\/2021\/11\/Veloute-de-poireaux-et-de-marrons-lanieres-de-jambon-glacees.pdf\" target=\"_blank\" rel=\"noopener\">Velout\u00e9 de poireaux et de marrons, lani\u00e8res de jambon glac\u00e9es<\/a><br \/>\n<a href=\"http:\/\/apvstcierges.ch\/wp-content\/uploads\/2021\/11\/Gratin-de-mais-et-de-chataignes.pdf\" target=\"_blank\" rel=\"noopener\">Gratin de mais et de ch\u00e2taignes<\/a><br \/>\n<\/span><a style=\"font-size: inherit;\" href=\"http:\/\/apvstcierges.ch\/wp-content\/uploads\/2022\/10\/Veloute-de-bolets.pdf\" target=\"_blank\" rel=\"noopener\">Velout\u00e9 de bolets<\/a><br \/>\n<a style=\"font-size: inherit;\" href=\"http:\/\/apvstcierges.ch\/wp-content\/uploads\/2022\/10\/Tranches-de-courge-aux-bolets.pdf\" target=\"_blank\" rel=\"noopener\">Tranches de courge aux bolets<\/a><br \/>\n<a style=\"font-size: inherit;\" href=\"http:\/\/apvstcierges.ch\/wp-content\/uploads\/2022\/10\/Spaetzlis-aux-lardons-et-aux-bolets.pdf\" target=\"_blank\" rel=\"noopener\">Spaetzlis aux lardons et aux bolets<\/a><span style=\"font-size: inherit;\"><br \/>\n<\/span><a style=\"font-size: inherit;\" href=\"http:\/\/apvstcierges.ch\/wp-content\/uploads\/2022\/10\/Celeri-rave-sauce-aux-bolets-et-bramata.pdf\" target=\"_blank\" rel=\"noopener\">C\u00e9leri-rave, sauce aux bolets et bramata\u00a0<\/a><br \/>\n<a href=\"http:\/\/apvstcierges.ch\/wp-content\/uploads\/2023\/10\/Crostinis-champignons-courge.pdf\" target=\"_blank\" rel=\"noopener\">Crostinis champignons courge<\/a><br \/>\n<a href=\"http:\/\/apvstcierges.ch\/wp-content\/uploads\/2023\/10\/Rissoles-aux-champignons.pdf\" target=\"_blank\" rel=\"noopener\">Rissoles aux champignons<\/a><br \/>\n<a href=\"http:\/\/apvstcierges.ch\/wp-content\/uploads\/2023\/10\/Trio-de-champignons-farcis.pdf\" target=\"_blank\" rel=\"noopener\">Trio de champignons farcis<\/a><br \/>\n<a href=\"http:\/\/apvstcierges.ch\/wp-content\/uploads\/2023\/10\/Doucette-aux-champignons-oeuf-et-noix.pdf\" target=\"_blank\" rel=\"noopener\">Doucette aux champignons, oeuf et noix<\/a><br \/>\n<a href=\"http:\/\/apvstcierges.ch\/wp-content\/uploads\/2023\/10\/Soupe-de-chou-kale-aux-champignons.pdf\" target=\"_blank\" rel=\"noopener\">Soupe de chou kale aux champignons<\/a><br \/>\n<a href=\"http:\/\/apvstcierges.ch\/wp-content\/uploads\/2024\/09\/Salade-de-fenouil-aux-raisins.pdf\" target=\"_blank\" rel=\"noopener\">Salade de fenouil aux raisins<\/a><br \/>\n<a href=\"http:\/\/apvstcierges.ch\/wp-content\/uploads\/2024\/09\/Salade-de-boulghour-aux-raisins-noirs.pdf\" target=\"_blank\" rel=\"noopener\">Salade de boulghour aux raisins noirs<\/a><br \/>\n<a href=\"http:\/\/apvstcierges.ch\/wp-content\/uploads\/2024\/09\/Gateau-au-fromage-et-au-raisin.pdf\" target=\"_blank\" rel=\"noopener\">G\u00e2teau au fromage et au raisin<\/a><\/p>\n<p><span style=\"color: #99cc00;\">Plat principal<\/span><\/p>\n<p><a href=\"http:\/\/apvstcierges.ch\/wp-content\/uploads\/2018\/09\/Po\u00eal\u00e9e-de-p\u00e2tes-\u00e0-la-courge-et-aux-champignons.pdf\" target=\"_blank\" rel=\"noopener noreferrer\">Po\u00eal\u00e9e de p\u00e2tes \u00e0 la courge et aux champignons<\/a><br \/>\n<a href=\"http:\/\/apvstcierges.ch\/wp-content\/uploads\/2018\/10\/Tarte-dautomne-courge-et-roquefort.pdf\" target=\"_blank\" rel=\"noopener noreferrer\">Tarte d&rsquo;automne courge et roquefort<\/a><br \/>\n<a href=\"http:\/\/apvstcierges.ch\/wp-content\/uploads\/2018\/10\/Filets-mignons-de-porc-en-poivrade-et-au-vin-cuit.docx\" target=\"_blank\" rel=\"noopener noreferrer\">Filets mignons de porc en poivrade au vin cuit<\/a><br \/>\n<a href=\"http:\/\/apvstcierges.ch\/wp-content\/uploads\/2018\/10\/R\u00f4ti-aux-pruneaux-\u00e0-largovienne.docx\" target=\"_blank\" rel=\"noopener noreferrer\">R\u00f4ti aux pruneaux \u00e0 l&rsquo;argovienne<\/a><br \/>\n<a href=\"http:\/\/apvstcierges.ch\/wp-content\/uploads\/2019\/10\/Risotto-au-chou-fleur-et-aux-lardons.pdf\" target=\"_blank\" rel=\"noopener noreferrer\">Risotto au chou-fleur et aux lardons<\/a><br \/>\n<a href=\"http:\/\/apvstcierges.ch\/wp-content\/uploads\/2019\/10\/Risotto-au-whisky-d\u00e9s-de-b\u0153uf-et-radis-blanc-.pdf\" target=\"_blank\" rel=\"noopener noreferrer\">Risotto au whisky, d\u00e9s de b\u0153uf et radis blanc<\/a><br \/>\n<a href=\"http:\/\/apvstcierges.ch\/wp-content\/uploads\/2019\/10\/Risotto-aux-c\u00e8pes-et-foie-de-veau.pdf\" target=\"_blank\" rel=\"noopener noreferrer\">Risotto aux c\u00e8pes et foie de veau<\/a><br \/>\n<a href=\"http:\/\/apvstcierges.ch\/wp-content\/uploads\/2019\/10\/Risotto-aux-chataignes-herbes-et-champignons.pdf\" target=\"_blank\" rel=\"noopener noreferrer\">Risotto aux ch\u00e2taignes, herbes et champignons<\/a><br \/>\n<span style=\"color: #99cc00;\"><a href=\"http:\/\/apvstcierges.ch\/wp-content\/uploads\/2019\/11\/Chaussons-\u00e0-la-choucroute.pdf\" target=\"_blank\" rel=\"noopener noreferrer\">Chaussons \u00e0 la choucroute<\/a><br \/>\n<a href=\"http:\/\/apvstcierges.ch\/wp-content\/uploads\/2019\/11\/Choucroute-au-poulet.pdf\" target=\"_blank\" rel=\"noopener noreferrer\">Choucroute au poulet<\/a><br \/>\n<a href=\"http:\/\/apvstcierges.ch\/wp-content\/uploads\/2019\/11\/Choucroute-de-poissons-alsacienne.pdf\" target=\"_blank\" rel=\"noopener noreferrer\">Choucroute de poissons alsacienne<\/a><br \/>\n<a href=\"http:\/\/apvstcierges.ch\/wp-content\/uploads\/2019\/11\/choucroute-et-sandre.pdf\" target=\"_blank\" rel=\"noopener noreferrer\">Choucroute et sandre<\/a><br \/>\n<a href=\"http:\/\/apvstcierges.ch\/wp-content\/uploads\/2019\/11\/Gratin-de-choucroute-au-saucisson.pdf\" target=\"_blank\" rel=\"noopener noreferrer\">Gratin de choucroute au saucisson<\/a><br \/>\n<a href=\"http:\/\/apvstcierges.ch\/wp-content\/uploads\/2019\/11\/Tarte-fine-au-saumon-et-\u00e0-la-choucroute.pdf\" target=\"_blank\" rel=\"noopener noreferrer\">Tarte fine au saumon et \u00e0 la choucroute<\/a><br \/>\n<a href=\"http:\/\/apvstcierges.ch\/wp-content\/uploads\/2021\/08\/Gratin-depeautre-aux-legumes.pdf\" target=\"_blank\" rel=\"noopener\">Gratin d&rsquo;\u00e9peautre aux l\u00e9gumes<\/a><br \/>\n<a href=\"http:\/\/apvstcierges.ch\/wp-content\/uploads\/2021\/08\/Involtini-et-celeri-branche.pdf\" target=\"_blank\" rel=\"noopener\">Involtini et c\u00e9leri branche<\/a><br \/>\n<a href=\"http:\/\/apvstcierges.ch\/wp-content\/uploads\/2021\/11\/Tarte-flambee-aux-marrons.pdf\" target=\"_blank\" rel=\"noopener\">Tarte flamb\u00e9e aux marrons<\/a><br \/>\n<a href=\"http:\/\/apvstcierges.ch\/wp-content\/uploads\/2021\/11\/Marrons-chauds-maison.pdf\" target=\"_blank\" rel=\"noopener\">Marrons chauds maison<\/a><br \/>\n<a href=\"http:\/\/apvstcierges.ch\/wp-content\/uploads\/2021\/11\/Ragout-de-boeuf-aux-marrons.pdf\" target=\"_blank\" rel=\"noopener\">Ragout de boeuf aux marrons<\/a><br \/>\n<a href=\"http:\/\/apvstcierges.ch\/wp-content\/uploads\/2023\/10\/Risotto-au-millet-et-aux-champignons-poeles.pdf\" target=\"_blank\" rel=\"noopener\">Risotto au millet et aux champignons po\u00eal\u00e9s<\/a><br \/>\n<a href=\"http:\/\/apvstcierges.ch\/wp-content\/uploads\/2024\/09\/Poulet-aux-raisins-et-patates-douces.pdf\" target=\"_blank\" rel=\"noopener\">Poulet aux raisins et patates douces<\/a><br \/>\n<a href=\"http:\/\/apvstcierges.ch\/wp-content\/uploads\/2024\/09\/Ragout-de-porc-aux-raisins.pdf\" target=\"_blank\" rel=\"noopener\">Ragout de porc aux raisins<\/a><br \/>\n<\/span><\/p>\n<h4><span style=\"color: #99cc00;\">Dessert<\/span><\/h4>\n<p><a href=\"http:\/\/apvstcierges.ch\/wp-content\/uploads\/2018\/10\/Cake-ultra-fondant-\u00e0-la-courge-et-aux-\u00e9pices.pdf\" target=\"_blank\" rel=\"noopener noreferrer\">Cake ultra fondant \u00e0 la courge et aux \u00e9pices<\/a><br \/>\n<a href=\"http:\/\/apvstcierges.ch\/wp-content\/uploads\/2018\/10\/G\u00e2teau-\u00e0-la-raisin\u00e9e.docx\" target=\"_blank\" rel=\"noopener noreferrer\">G\u00e2teau \u00e0 la raisin\u00e9e<\/a><br \/>\n<a href=\"http:\/\/apvstcierges.ch\/wp-content\/uploads\/2018\/10\/Parfait-\u00e0-la-raisin\u00e9e_apv.docx\" target=\"_blank\" rel=\"noopener noreferrer\">Parfait \u00e0 la raisin\u00e9e<\/a><br \/>\n<a href=\"http:\/\/apvstcierges.ch\/wp-content\/uploads\/2018\/11\/glace-\u00e0-la-carotte.pdf\" target=\"_blank\" rel=\"noopener noreferrer\">Glace \u00e0 la carotte<\/a><br \/>\n<a href=\"http:\/\/apvstcierges.ch\/wp-content\/uploads\/2018\/11\/Mousse-carotte-cannelle.pdf\" target=\"_blank\" rel=\"noopener noreferrer\">Mousse carotte-cannelle<\/a><br \/>\n<a href=\"http:\/\/apvstcierges.ch\/wp-content\/uploads\/2020\/10\/Cookies-aux-canneberges-sans-gluten.pdf\" target=\"_blank\" rel=\"noopener noreferrer\">Cookies aux canneberges sans gluten<\/a><br \/>\n<a href=\"http:\/\/apvstcierges.ch\/wp-content\/uploads\/2020\/10\/Cookies-de-flocons-davoine-\u00e0-la-courge-et-\u00e0-la-noix-de-coco.pdf\" target=\"_blank\" rel=\"noopener noreferrer\">Cookies de flocons d&rsquo;avoine \u00e0 la courge et \u00e0 la noix de coco<\/a><br \/>\n<a href=\"http:\/\/apvstcierges.ch\/wp-content\/uploads\/2020\/10\/Cookies-au-wasabi.pdf\" target=\"_blank\" rel=\"noopener noreferrer\">Cookies au wasabi<\/a><br \/>\n<a href=\"http:\/\/apvstcierges.ch\/wp-content\/uploads\/2020\/10\/cookies-sans-beurre.pdf\" target=\"_blank\" rel=\"noopener noreferrer\">Cookies sans beurre<\/a><br \/>\n<a href=\"http:\/\/apvstcierges.ch\/wp-content\/uploads\/2020\/10\/Cookies-aux-p\u00e9pites-de-chocolat.pdf\" target=\"_blank\" rel=\"noopener noreferrer\">Cookies aux p\u00e9pites de chocolat<\/a><br \/>\n<a style=\"font-size: inherit;\" href=\"http:\/\/apvstcierges.ch\/wp-content\/uploads\/2022\/10\/Mousse-de-marrons-et-de-bolets.pdf\">Mousse de marrons et de bolets<\/a><br \/>\n<a href=\"http:\/\/apvstcierges.ch\/wp-content\/uploads\/2023\/10\/Pannacotta-aux-champignons.pdf\" target=\"_blank\" rel=\"noopener\">Pannacotta aux champignons<\/a><br \/>\n<a href=\"http:\/\/apvstcierges.ch\/wp-content\/uploads\/2024\/09\/Mousse-au-vin-blanc-et-raisins.pdf\" target=\"_blank\" rel=\"noopener\">Mousse au vin blanc et raisins<\/a><br \/>\n<a href=\"http:\/\/apvstcierges.ch\/wp-content\/uploads\/2024\/09\/Glace-au-safran-et-compote-de-raisins.pdf\" target=\"_blank\" rel=\"noopener\">Glace au safran et compote de raisins<\/a><\/p>\n","protected":false},"excerpt":{"rendered":"<p>Entr\u00e9es &#8211; salades &#8211; accompagnements Doucette aux champignons \u00e9pic\u00e9s Terrine de champignons Lentilles \u00e0 la foresti\u00e8re Galette de courge et de ma\u00efs Crostini \u00e0 la courge Courge au four et vinaigrette de noisettes Salade d&rsquo;hiver Foccacia aux carottes Salade de cervelas au pain Taboul\u00e9 de quinoa aux amandes et \u00e0 la menthe Salade de lentilles <a class=\"more-link\" href=\"http:\/\/apvstcierges.ch\/index.php\/automne\/\">Lire plus &#8230;<\/a><\/p>\n","protected":false},"author":1,"featured_media":0,"parent":0,"menu_order":0,"comment_status":"closed","ping_status":"closed","template":"","meta":{"footnotes":""},"class_list":["post-162","page","type-page","status-publish","hentry"],"yoast_head":"<!-- This site is optimized with the Yoast SEO plugin v24.8.1 - https:\/\/yoast.com\/wordpress\/plugins\/seo\/ -->\n<title>Automne - Association des paysannes vaudoises, groupe St-Cierges et environs<\/title>\n<meta name=\"robots\" content=\"index, follow, max-snippet:-1, max-image-preview:large, max-video-preview:-1\" \/>\n<link rel=\"canonical\" href=\"http:\/\/apvstcierges.ch\/index.php\/automne\/\" \/>\n<meta property=\"og:locale\" content=\"fr_FR\" \/>\n<meta property=\"og:type\" content=\"article\" \/>\n<meta property=\"og:title\" content=\"Automne - Association des paysannes vaudoises, groupe St-Cierges et environs\" \/>\n<meta property=\"og:description\" content=\"Entr\u00e9es &#8211; salades &#8211; accompagnements Doucette aux champignons \u00e9pic\u00e9s Terrine de champignons Lentilles \u00e0 la foresti\u00e8re Galette de courge et de ma\u00efs Crostini \u00e0 la courge Courge au four et vinaigrette de noisettes Salade d&rsquo;hiver Foccacia aux carottes Salade de cervelas au pain Taboul\u00e9 de quinoa aux amandes et \u00e0 la menthe Salade de lentilles Lire plus ...\" \/>\n<meta property=\"og:url\" content=\"http:\/\/apvstcierges.ch\/index.php\/automne\/\" \/>\n<meta property=\"og:site_name\" content=\"Association des paysannes vaudoises, groupe St-Cierges et environs\" \/>\n<meta property=\"article:modified_time\" content=\"2024-12-18T15:00:27+00:00\" \/>\n<meta name=\"twitter:card\" content=\"summary_large_image\" \/>\n<meta name=\"twitter:label1\" content=\"Dur\u00e9e de lecture estim\u00e9e\" \/>\n\t<meta name=\"twitter:data1\" content=\"2 minutes\" \/>\n<script type=\"application\/ld+json\" class=\"yoast-schema-graph\">{\"@context\":\"https:\/\/schema.org\",\"@graph\":[{\"@type\":\"WebPage\",\"@id\":\"http:\/\/apvstcierges.ch\/index.php\/automne\/\",\"url\":\"http:\/\/apvstcierges.ch\/index.php\/automne\/\",\"name\":\"Automne - Association des paysannes vaudoises, groupe St-Cierges et environs\",\"isPartOf\":{\"@id\":\"http:\/\/apvstcierges.ch\/#website\"},\"datePublished\":\"2018-05-08T16:03:58+00:00\",\"dateModified\":\"2024-12-18T15:00:27+00:00\",\"breadcrumb\":{\"@id\":\"http:\/\/apvstcierges.ch\/index.php\/automne\/#breadcrumb\"},\"inLanguage\":\"fr-FR\",\"potentialAction\":[{\"@type\":\"ReadAction\",\"target\":[\"http:\/\/apvstcierges.ch\/index.php\/automne\/\"]}]},{\"@type\":\"BreadcrumbList\",\"@id\":\"http:\/\/apvstcierges.ch\/index.php\/automne\/#breadcrumb\",\"itemListElement\":[{\"@type\":\"ListItem\",\"position\":1,\"name\":\"Home\",\"item\":\"http:\/\/apvstcierges.ch\/\"},{\"@type\":\"ListItem\",\"position\":2,\"name\":\"Automne\"}]},{\"@type\":\"WebSite\",\"@id\":\"http:\/\/apvstcierges.ch\/#website\",\"url\":\"http:\/\/apvstcierges.ch\/\",\"name\":\"Association des paysannes vaudoises, groupe St-Cierges et environs\",\"description\":\"\",\"potentialAction\":[{\"@type\":\"SearchAction\",\"target\":{\"@type\":\"EntryPoint\",\"urlTemplate\":\"http:\/\/apvstcierges.ch\/?s={search_term_string}\"},\"query-input\":{\"@type\":\"PropertyValueSpecification\",\"valueRequired\":true,\"valueName\":\"search_term_string\"}}],\"inLanguage\":\"fr-FR\"}]}<\/script>\n<!-- \/ Yoast SEO plugin. -->","yoast_head_json":{"title":"Automne - Association des paysannes vaudoises, groupe St-Cierges et environs","robots":{"index":"index","follow":"follow","max-snippet":"max-snippet:-1","max-image-preview":"max-image-preview:large","max-video-preview":"max-video-preview:-1"},"canonical":"http:\/\/apvstcierges.ch\/index.php\/automne\/","og_locale":"fr_FR","og_type":"article","og_title":"Automne - Association des paysannes vaudoises, groupe St-Cierges et environs","og_description":"Entr\u00e9es &#8211; salades &#8211; accompagnements Doucette aux champignons \u00e9pic\u00e9s Terrine de champignons Lentilles \u00e0 la foresti\u00e8re Galette de courge et de ma\u00efs Crostini \u00e0 la courge Courge au four et vinaigrette de noisettes Salade d&rsquo;hiver Foccacia aux carottes Salade de cervelas au pain Taboul\u00e9 de quinoa aux amandes et \u00e0 la menthe Salade de lentilles Lire plus ...","og_url":"http:\/\/apvstcierges.ch\/index.php\/automne\/","og_site_name":"Association des paysannes vaudoises, groupe St-Cierges et environs","article_modified_time":"2024-12-18T15:00:27+00:00","twitter_card":"summary_large_image","twitter_misc":{"Dur\u00e9e de lecture estim\u00e9e":"2 minutes"},"schema":{"@context":"https:\/\/schema.org","@graph":[{"@type":"WebPage","@id":"http:\/\/apvstcierges.ch\/index.php\/automne\/","url":"http:\/\/apvstcierges.ch\/index.php\/automne\/","name":"Automne - Association des paysannes vaudoises, groupe St-Cierges et environs","isPartOf":{"@id":"http:\/\/apvstcierges.ch\/#website"},"datePublished":"2018-05-08T16:03:58+00:00","dateModified":"2024-12-18T15:00:27+00:00","breadcrumb":{"@id":"http:\/\/apvstcierges.ch\/index.php\/automne\/#breadcrumb"},"inLanguage":"fr-FR","potentialAction":[{"@type":"ReadAction","target":["http:\/\/apvstcierges.ch\/index.php\/automne\/"]}]},{"@type":"BreadcrumbList","@id":"http:\/\/apvstcierges.ch\/index.php\/automne\/#breadcrumb","itemListElement":[{"@type":"ListItem","position":1,"name":"Home","item":"http:\/\/apvstcierges.ch\/"},{"@type":"ListItem","position":2,"name":"Automne"}]},{"@type":"WebSite","@id":"http:\/\/apvstcierges.ch\/#website","url":"http:\/\/apvstcierges.ch\/","name":"Association des paysannes vaudoises, groupe St-Cierges et environs","description":"","potentialAction":[{"@type":"SearchAction","target":{"@type":"EntryPoint","urlTemplate":"http:\/\/apvstcierges.ch\/?s={search_term_string}"},"query-input":{"@type":"PropertyValueSpecification","valueRequired":true,"valueName":"search_term_string"}}],"inLanguage":"fr-FR"}]}},"_links":{"self":[{"href":"http:\/\/apvstcierges.ch\/index.php\/wp-json\/wp\/v2\/pages\/162","targetHints":{"allow":["GET"]}}],"collection":[{"href":"http:\/\/apvstcierges.ch\/index.php\/wp-json\/wp\/v2\/pages"}],"about":[{"href":"http:\/\/apvstcierges.ch\/index.php\/wp-json\/wp\/v2\/types\/page"}],"author":[{"embeddable":true,"href":"http:\/\/apvstcierges.ch\/index.php\/wp-json\/wp\/v2\/users\/1"}],"replies":[{"embeddable":true,"href":"http:\/\/apvstcierges.ch\/index.php\/wp-json\/wp\/v2\/comments?post=162"}],"version-history":[{"count":16,"href":"http:\/\/apvstcierges.ch\/index.php\/wp-json\/wp\/v2\/pages\/162\/revisions"}],"predecessor-version":[{"id":3619,"href":"http:\/\/apvstcierges.ch\/index.php\/wp-json\/wp\/v2\/pages\/162\/revisions\/3619"}],"wp:attachment":[{"href":"http:\/\/apvstcierges.ch\/index.php\/wp-json\/wp\/v2\/media?parent=162"}],"curies":[{"name":"wp","href":"https:\/\/api.w.org\/{rel}","templated":true}]}}