{"id":576,"date":"2018-10-07T10:13:49","date_gmt":"2018-10-07T10:13:49","guid":{"rendered":"http:\/\/apvstcierges.ch\/?page_id=576"},"modified":"2020-06-04T12:24:29","modified_gmt":"2020-06-04T12:24:29","slug":"loffre-et-la-demande","status":"publish","type":"page","link":"https:\/\/apvstcierges.ch\/index.php\/loffre-et-la-demande\/","title":{"rendered":"L&rsquo;offre et la demande"},"content":{"rendered":"<p><span style=\"color: #99cc00; font-size: 1.125rem;\">Mat\u00e9riel \u00e0 louer<br \/>\n<\/span><span style=\"font-size: inherit;\">Notre groupe poss\u00e8de :<br \/>\n<\/span><span style=\"font-size: inherit;\">&#8211; deux machines \u00e0 pasteuriser le jus de pommes (location fr. 20.-\/jour)<br \/>\n<\/span><span style=\"font-size: inherit;\">&#8211; une machine pour remplir les bouteilles sous vide<br \/>\n<\/span><span style=\"font-size: inherit;\">Vous pouvez vous adresser \u00e0 Nathalie Vulliens si vous souhaitez en profiter (<\/span><span class=\"text-icon phone\" style=\"font-size: inherit;\">021.905.39.86 ou 079.363.92.42 &#8211;\u00a0<\/span><span class=\"text-icon email\" style=\"font-size: inherit;\"><span id=\"cloak7d277e7a2c057fd9fa595c666ebae561\"><a href=\"mailto:nathvulliens@otnet.ch\">nathvulliens@otnet.ch<\/a><\/span><\/span><\/p>\n","protected":false},"excerpt":{"rendered":"<p>Mat\u00e9riel \u00e0 louer Notre groupe poss\u00e8de : &#8211; deux machines \u00e0 pasteuriser le jus de pommes (location fr. 20.-\/jour) &#8211; une machine pour remplir les bouteilles sous vide Vous pouvez vous adresser \u00e0 Nathalie Vulliens si vous souhaitez en profiter (021.905.39.86 ou 079.363.92.42 &#8211;\u00a0nathvulliens@otnet.ch<\/p>\n","protected":false},"author":1,"featured_media":0,"parent":0,"menu_order":0,"comment_status":"closed","ping_status":"closed","template":"","meta":{"footnotes":""},"class_list":["post-576","page","type-page","status-publish","hentry"],"yoast_head":"<!-- This site is optimized with the Yoast SEO plugin v24.8.1 - https:\/\/yoast.com\/wordpress\/plugins\/seo\/ -->\n<title>L&#039;offre et la demande - Association des paysannes vaudoises, groupe St-Cierges et environs<\/title>\n<meta name=\"robots\" content=\"index, follow, max-snippet:-1, max-image-preview:large, max-video-preview:-1\" \/>\n<link rel=\"canonical\" href=\"https:\/\/apvstcierges.ch\/index.php\/loffre-et-la-demande\/\" \/>\n<meta property=\"og:locale\" content=\"fr_FR\" \/>\n<meta property=\"og:type\" content=\"article\" \/>\n<meta property=\"og:title\" content=\"L&#039;offre et la demande - Association des paysannes vaudoises, groupe St-Cierges et environs\" \/>\n<meta property=\"og:description\" content=\"Mat\u00e9riel \u00e0 louer Notre groupe poss\u00e8de : &#8211; deux machines \u00e0 pasteuriser le jus de pommes (location fr. 20.-\/jour) &#8211; une machine pour remplir les bouteilles sous vide Vous pouvez vous adresser \u00e0 Nathalie Vulliens si vous souhaitez en profiter (021.905.39.86 ou 079.363.92.42 &#8211;\u00a0nathvulliens@otnet.ch\" \/>\n<meta property=\"og:url\" content=\"https:\/\/apvstcierges.ch\/index.php\/loffre-et-la-demande\/\" \/>\n<meta property=\"og:site_name\" content=\"Association des paysannes vaudoises, groupe St-Cierges et environs\" \/>\n<meta property=\"article:modified_time\" content=\"2020-06-04T12:24:29+00:00\" \/>\n<meta name=\"twitter:card\" content=\"summary_large_image\" \/>\n<script type=\"application\/ld+json\" class=\"yoast-schema-graph\">{\"@context\":\"https:\/\/schema.org\",\"@graph\":[{\"@type\":\"WebPage\",\"@id\":\"https:\/\/apvstcierges.ch\/index.php\/loffre-et-la-demande\/\",\"url\":\"https:\/\/apvstcierges.ch\/index.php\/loffre-et-la-demande\/\",\"name\":\"L'offre et la demande - Association des paysannes vaudoises, groupe St-Cierges et environs\",\"isPartOf\":{\"@id\":\"http:\/\/apvstcierges.ch\/#website\"},\"datePublished\":\"2018-10-07T10:13:49+00:00\",\"dateModified\":\"2020-06-04T12:24:29+00:00\",\"breadcrumb\":{\"@id\":\"https:\/\/apvstcierges.ch\/index.php\/loffre-et-la-demande\/#breadcrumb\"},\"inLanguage\":\"fr-FR\",\"potentialAction\":[{\"@type\":\"ReadAction\",\"target\":[\"https:\/\/apvstcierges.ch\/index.php\/loffre-et-la-demande\/\"]}]},{\"@type\":\"BreadcrumbList\",\"@id\":\"https:\/\/apvstcierges.ch\/index.php\/loffre-et-la-demande\/#breadcrumb\",\"itemListElement\":[{\"@type\":\"ListItem\",\"position\":1,\"name\":\"Home\",\"item\":\"http:\/\/apvstcierges.ch\/\"},{\"@type\":\"ListItem\",\"position\":2,\"name\":\"L&rsquo;offre et la demande\"}]},{\"@type\":\"WebSite\",\"@id\":\"http:\/\/apvstcierges.ch\/#website\",\"url\":\"http:\/\/apvstcierges.ch\/\",\"name\":\"Association des paysannes vaudoises, groupe St-Cierges et environs\",\"description\":\"\",\"potentialAction\":[{\"@type\":\"SearchAction\",\"target\":{\"@type\":\"EntryPoint\",\"urlTemplate\":\"http:\/\/apvstcierges.ch\/?s={search_term_string}\"},\"query-input\":{\"@type\":\"PropertyValueSpecification\",\"valueRequired\":true,\"valueName\":\"search_term_string\"}}],\"inLanguage\":\"fr-FR\"}]}<\/script>\n<!-- \/ Yoast SEO plugin. -->","yoast_head_json":{"title":"L'offre et la demande - Association des paysannes vaudoises, groupe St-Cierges et environs","robots":{"index":"index","follow":"follow","max-snippet":"max-snippet:-1","max-image-preview":"max-image-preview:large","max-video-preview":"max-video-preview:-1"},"canonical":"https:\/\/apvstcierges.ch\/index.php\/loffre-et-la-demande\/","og_locale":"fr_FR","og_type":"article","og_title":"L'offre et la demande - Association des paysannes vaudoises, groupe St-Cierges et environs","og_description":"Mat\u00e9riel \u00e0 louer Notre groupe poss\u00e8de : &#8211; deux machines \u00e0 pasteuriser le jus de pommes (location fr. 20.-\/jour) &#8211; une machine pour remplir les bouteilles sous vide Vous pouvez vous adresser \u00e0 Nathalie Vulliens si vous souhaitez en profiter (021.905.39.86 ou 079.363.92.42 &#8211;\u00a0nathvulliens@otnet.ch","og_url":"https:\/\/apvstcierges.ch\/index.php\/loffre-et-la-demande\/","og_site_name":"Association des paysannes vaudoises, groupe St-Cierges et environs","article_modified_time":"2020-06-04T12:24:29+00:00","twitter_card":"summary_large_image","schema":{"@context":"https:\/\/schema.org","@graph":[{"@type":"WebPage","@id":"https:\/\/apvstcierges.ch\/index.php\/loffre-et-la-demande\/","url":"https:\/\/apvstcierges.ch\/index.php\/loffre-et-la-demande\/","name":"L'offre et la demande - Association des paysannes vaudoises, groupe St-Cierges et environs","isPartOf":{"@id":"http:\/\/apvstcierges.ch\/#website"},"datePublished":"2018-10-07T10:13:49+00:00","dateModified":"2020-06-04T12:24:29+00:00","breadcrumb":{"@id":"https:\/\/apvstcierges.ch\/index.php\/loffre-et-la-demande\/#breadcrumb"},"inLanguage":"fr-FR","potentialAction":[{"@type":"ReadAction","target":["https:\/\/apvstcierges.ch\/index.php\/loffre-et-la-demande\/"]}]},{"@type":"BreadcrumbList","@id":"https:\/\/apvstcierges.ch\/index.php\/loffre-et-la-demande\/#breadcrumb","itemListElement":[{"@type":"ListItem","position":1,"name":"Home","item":"http:\/\/apvstcierges.ch\/"},{"@type":"ListItem","position":2,"name":"L&rsquo;offre et la demande"}]},{"@type":"WebSite","@id":"http:\/\/apvstcierges.ch\/#website","url":"http:\/\/apvstcierges.ch\/","name":"Association des paysannes vaudoises, groupe St-Cierges et environs","description":"","potentialAction":[{"@type":"SearchAction","target":{"@type":"EntryPoint","urlTemplate":"http:\/\/apvstcierges.ch\/?s={search_term_string}"},"query-input":{"@type":"PropertyValueSpecification","valueRequired":true,"valueName":"search_term_string"}}],"inLanguage":"fr-FR"}]}},"_links":{"self":[{"href":"https:\/\/apvstcierges.ch\/index.php\/wp-json\/wp\/v2\/pages\/576","targetHints":{"allow":["GET"]}}],"collection":[{"href":"https:\/\/apvstcierges.ch\/index.php\/wp-json\/wp\/v2\/pages"}],"about":[{"href":"https:\/\/apvstcierges.ch\/index.php\/wp-json\/wp\/v2\/types\/page"}],"author":[{"embeddable":true,"href":"https:\/\/apvstcierges.ch\/index.php\/wp-json\/wp\/v2\/users\/1"}],"replies":[{"embeddable":true,"href":"https:\/\/apvstcierges.ch\/index.php\/wp-json\/wp\/v2\/comments?post=576"}],"version-history":[{"count":20,"href":"https:\/\/apvstcierges.ch\/index.php\/wp-json\/wp\/v2\/pages\/576\/revisions"}],"predecessor-version":[{"id":2070,"href":"https:\/\/apvstcierges.ch\/index.php\/wp-json\/wp\/v2\/pages\/576\/revisions\/2070"}],"wp:attachment":[{"href":"https:\/\/apvstcierges.ch\/index.php\/wp-json\/wp\/v2\/media?parent=576"}],"curies":[{"name":"wp","href":"https:\/\/api.w.org\/{rel}","templated":true}]}}